[INFO] cloning repository https://github.com/guangie88/unwalk
[INFO] running `Command { std: "git" "-c" "credential.helper=" "-c" "credential.helper=/workspace/cargo-home/bin/git-credential-null" "clone" "--bare" "https://github.com/guangie88/unwalk" "/workspace/cache/git-repos/https%3A%2F%2Fgithub.com%2Fguangie88%2Funwalk", kill_on_drop: false }`
[INFO] [stderr] Cloning into bare repository '/workspace/cache/git-repos/https%3A%2F%2Fgithub.com%2Fguangie88%2Funwalk'...
[INFO] running `Command { std: "git" "rev-parse" "HEAD", kill_on_drop: false }`
[INFO] [stdout] 9be570627bcd5c50e4d3eb7632c6e6027895bb31
[INFO] checking guangie88/unwalk against master#af3c6e733a40e671550e0f0f5aeecaa13772ba56 for pr-74989
[INFO] running `Command { std: "git" "clone" "/workspace/cache/git-repos/https%3A%2F%2Fgithub.com%2Fguangie88%2Funwalk" "/workspace/builds/worker-2/source", kill_on_drop: false }`
[INFO] [stderr] Cloning into '/workspace/builds/worker-2/source'...
[INFO] [stderr] done.
[INFO] validating manifest of git repo https://github.com/guangie88/unwalk on toolchain af3c6e733a40e671550e0f0f5aeecaa13772ba56
[INFO] running `Command { std: "/workspace/cargo-home/bin/cargo" "+af3c6e733a40e671550e0f0f5aeecaa13772ba56" "read-manifest" "--manifest-path" "Cargo.toml", kill_on_drop: false }`
[INFO] started tweaking git repo https://github.com/guangie88/unwalk
[INFO] removed workspace from git repo https://github.com/guangie88/unwalk
[INFO] removed path dependency unwalk-base from git repo https://github.com/guangie88/unwalk
[INFO] removed path dependency unwalk-gz from git repo https://github.com/guangie88/unwalk
[INFO] finished tweaking git repo https://github.com/guangie88/unwalk
[INFO] tweaked toml for git repo https://github.com/guangie88/unwalk written to /workspace/builds/worker-2/source/Cargo.toml
[INFO] crate git repo https://github.com/guangie88/unwalk already has a lockfile, it will not be regenerated
[INFO] running `Command { std: "/workspace/cargo-home/bin/cargo" "+af3c6e733a40e671550e0f0f5aeecaa13772ba56" "fetch" "--locked" "--manifest-path" "Cargo.toml", kill_on_drop: false }`
[INFO] [stderr]     Blocking waiting for file lock on package cache
[INFO] [stderr]     Updating crates.io index
[INFO] [stderr] error: the lock file /workspace/builds/worker-2/source/Cargo.lock needs to be updated but --locked was passed to prevent this
[INFO] [stderr] If you want to try to generate the lock file without accessing the network, use the --offline flag.
[INFO] the lockfile is outdated, regenerating it
[INFO] running `Command { std: "/workspace/cargo-home/bin/cargo" "+af3c6e733a40e671550e0f0f5aeecaa13772ba56" "generate-lockfile" "--manifest-path" "Cargo.toml" "-Zno-index-update", kill_on_drop: false }`
[INFO] [stderr]     Blocking waiting for file lock on package cache
[INFO] running `Command { std: "/workspace/cargo-home/bin/cargo" "+af3c6e733a40e671550e0f0f5aeecaa13772ba56" "fetch" "--locked" "--manifest-path" "Cargo.toml", kill_on_drop: false }`
[INFO] [stderr]     Blocking waiting for file lock on package cache
[INFO] [stderr]     Blocking waiting for file lock on package cache
[INFO] running `Command { std: "docker" "create" "-v" "/var/lib/crater-agent-workspace/builds/worker-2/target:/opt/rustwide/target:rw,Z" "-v" "/var/lib/crater-agent-workspace/builds/worker-2/source:/opt/rustwide/workdir:ro,Z" "-v" "/var/lib/crater-agent-workspace/cargo-home:/opt/rustwide/cargo-home:ro,Z" "-v" "/var/lib/crater-agent-workspace/rustup-home:/opt/rustwide/rustup-home:ro,Z" "-e" "SOURCE_DIR=/opt/rustwide/workdir" "-e" "CARGO_TARGET_DIR=/opt/rustwide/target" "-e" "CARGO_HOME=/opt/rustwide/cargo-home" "-e" "RUSTUP_HOME=/opt/rustwide/rustup-home" "-w" "/opt/rustwide/workdir" "-m" "1610612736" "--user" "0:0" "--network" "none" "rustops/crates-build-env@sha256:d92eaeed33fa75130ca1ee6c8a01d1ffb62bac859dfdfb3450e3e5d1c0146529" "/opt/rustwide/cargo-home/bin/cargo" "+af3c6e733a40e671550e0f0f5aeecaa13772ba56" "metadata" "--no-deps" "--format-version=1", kill_on_drop: false }`
[INFO] [stdout] 1b35bf5186baeaf066229aa81e4fe964415112e40aa9c5dcf06d9dce87d062bd
[INFO] [stderr] WARNING: Your kernel does not support swap limit capabilities or the cgroup is not mounted. Memory limited without swap.
[INFO] running `Command { std: "docker" "start" "-a" "1b35bf5186baeaf066229aa81e4fe964415112e40aa9c5dcf06d9dce87d062bd", kill_on_drop: false }`
[INFO] running `Command { std: "docker" "inspect" "1b35bf5186baeaf066229aa81e4fe964415112e40aa9c5dcf06d9dce87d062bd", kill_on_drop: false }`
[INFO] running `Command { std: "docker" "rm" "-f" "1b35bf5186baeaf066229aa81e4fe964415112e40aa9c5dcf06d9dce87d062bd", kill_on_drop: false }`
[INFO] [stdout] 1b35bf5186baeaf066229aa81e4fe964415112e40aa9c5dcf06d9dce87d062bd
[INFO] running `Command { std: "docker" "create" "-v" "/var/lib/crater-agent-workspace/builds/worker-2/target:/opt/rustwide/target:rw,Z" "-v" "/var/lib/crater-agent-workspace/builds/worker-2/source:/opt/rustwide/workdir:ro,Z" "-v" "/var/lib/crater-agent-workspace/cargo-home:/opt/rustwide/cargo-home:ro,Z" "-v" "/var/lib/crater-agent-workspace/rustup-home:/opt/rustwide/rustup-home:ro,Z" "-e" "SOURCE_DIR=/opt/rustwide/workdir" "-e" "CARGO_TARGET_DIR=/opt/rustwide/target" "-e" "CARGO_INCREMENTAL=0" "-e" "RUST_BACKTRACE=full" "-e" "RUSTFLAGS=--cap-lints=forbid" "-e" "CARGO_HOME=/opt/rustwide/cargo-home" "-e" "RUSTUP_HOME=/opt/rustwide/rustup-home" "-w" "/opt/rustwide/workdir" "-m" "1610612736" "--user" "0:0" "--network" "none" "rustops/crates-build-env@sha256:d92eaeed33fa75130ca1ee6c8a01d1ffb62bac859dfdfb3450e3e5d1c0146529" "/opt/rustwide/cargo-home/bin/cargo" "+af3c6e733a40e671550e0f0f5aeecaa13772ba56" "check" "--frozen" "--all" "--all-targets" "--message-format=json", kill_on_drop: false }`
[INFO] [stdout] c80d567a244ac59f9b76d2d5e18521b6504f15d0826d7fc4cd3d7f1ed5a31dea
[INFO] [stderr] WARNING: Your kernel does not support swap limit capabilities or the cgroup is not mounted. Memory limited without swap.
[INFO] running `Command { std: "docker" "start" "-a" "c80d567a244ac59f9b76d2d5e18521b6504f15d0826d7fc4cd3d7f1ed5a31dea", kill_on_drop: false }`
[INFO] [stderr]    Compiling libc v0.2.77
[INFO] [stderr]    Compiling unicode-xid v0.1.0
[INFO] [stderr]    Compiling proc-macro2 v1.0.21
[INFO] [stderr]    Compiling unicode-xid v0.2.1
[INFO] [stderr]    Compiling syn v1.0.40
[INFO] [stderr]     Checking adler v0.2.3
[INFO] [stderr]    Compiling failure_derive v0.1.8
[INFO] [stderr]     Checking gimli v0.22.0
[INFO] [stderr]    Compiling crc32fast v1.2.0
[INFO] [stderr]     Checking object v0.20.0
[INFO] [stderr]     Checking rustc-demangle v0.1.16
[INFO] [stderr]     Checking strsim v0.7.0
[INFO] [stderr]     Checking serde v1.0.37
[INFO] [stderr]     Checking file v1.1.2
[INFO] [stderr]    Compiling miniz_oxide v0.4.2
[INFO] [stderr]     Checking textwrap v0.9.0
[INFO] [stderr]    Compiling proc-macro2 v0.3.8
[INFO] [stderr]    Compiling proc-macro2 v0.2.3
[INFO] [stderr]     Checking walkdir v2.1.4
[INFO] [stderr]    Compiling quote v0.4.2
[INFO] [stderr]    Compiling quote v0.5.2
[INFO] [stderr]    Compiling syn v0.12.15
[INFO] [stderr]    Compiling syn v0.13.11
[INFO] [stderr]    Compiling quote v1.0.7
[INFO] [stderr]     Checking atty v0.2.14
[INFO] [stderr]     Checking flate2 v1.0.17
[INFO] [stderr]     Checking filebuffer v0.3.0
[INFO] [stderr]     Checking clap v2.31.2
[INFO] [stderr]    Compiling serde_derive_internals v0.23.0
[INFO] [stderr]    Compiling structopt-derive v0.2.6
[INFO] [stderr]     Checking addr2line v0.13.0
[INFO] [stderr]    Compiling serde_derive v1.0.37
[INFO] [stderr]     Checking backtrace v0.3.50
[INFO] [stderr]     Checking structopt v0.2.6
[INFO] [stderr]    Compiling synstructure v0.12.4
[INFO] [stderr]     Checking toml v0.4.5
[INFO] [stderr]     Checking failure v0.1.1
[INFO] [stderr]     Checking unwalk-base v0.2.0-beta1
[INFO] [stdout] error[E0407]: method `name` is not a member of trait `failure::Fail`
[INFO] [stdout]  --> /opt/rustwide/cargo-home/registry/src/github.com-1ecc6299db9ec823/unwalk-base-0.2.0-beta1/src/error.rs:8:10
[INFO] [stdout]   |
[INFO] [stdout] 8 | #[derive(Fail, Debug)]
[INFO] [stdout]   |          ^^^^ not a member of trait `failure::Fail`
[INFO] [stdout]   |
[INFO] [stdout]   = note: this error originates in a derive macro (in Nightly builds, run with -Z macro-backtrace for more info)
[INFO] [stdout] 
[INFO] [stdout] 
[INFO] [stdout] error[E0433]: failed to resolve: could not find `_core` in `failure`
[INFO] [stdout]  --> /opt/rustwide/cargo-home/registry/src/github.com-1ecc6299db9ec823/unwalk-base-0.2.0-beta1/src/error.rs:8:10
[INFO] [stdout]   |
[INFO] [stdout] 8 | #[derive(Fail, Debug)]
[INFO] [stdout]   |          ^^^^ could not find `_core` in `failure`
[INFO] [stdout]   |
[INFO] [stdout]   = note: this error originates in a derive macro (in Nightly builds, run with -Z macro-backtrace for more info)
[INFO] [stdout] 
[INFO] [stdout] 
[INFO] [stdout] error[E0433]: failed to resolve: could not find `AsFail` in `failure`
[INFO] [stdout]  --> /opt/rustwide/cargo-home/registry/src/github.com-1ecc6299db9ec823/unwalk-base-0.2.0-beta1/src/error.rs:8:10
[INFO] [stdout]   |
[INFO] [stdout] 8 | #[derive(Fail, Debug)]
[INFO] [stdout]   |          ^^^^ could not find `AsFail` in `failure`
[INFO] [stdout]   |
[INFO] [stdout]   = note: this error originates in a derive macro (in Nightly builds, run with -Z macro-backtrace for more info)
[INFO] [stdout] 
[INFO] [stdout] 
[INFO] [stdout] error[E0407]: method `name` is not a member of trait `failure::Fail`
[INFO] [stdout]   --> /opt/rustwide/cargo-home/registry/src/github.com-1ecc6299db9ec823/unwalk-base-0.2.0-beta1/src/error.rs:42:10
[INFO] [stdout]    |
[INFO] [stdout] 42 | #[derive(Fail, Debug)]
[INFO] [stdout]    |          ^^^^ not a member of trait `failure::Fail`
[INFO] [stdout]    |
[INFO] [stdout]    = note: this error originates in a derive macro (in Nightly builds, run with -Z macro-backtrace for more info)
[INFO] [stdout] 
[INFO] [stdout] 
[INFO] [stdout] error[E0433]: failed to resolve: could not find `_core` in `failure`
[INFO] [stdout]   --> /opt/rustwide/cargo-home/registry/src/github.com-1ecc6299db9ec823/unwalk-base-0.2.0-beta1/src/error.rs:42:10
[INFO] [stdout]    |
[INFO] [stdout] 42 | #[derive(Fail, Debug)]
[INFO] [stdout]    |          ^^^^ could not find `_core` in `failure`
[INFO] [stdout]    |
[INFO] [stdout]    = note: this error originates in a derive macro (in Nightly builds, run with -Z macro-backtrace for more info)
[INFO] [stdout] 
[INFO] [stdout] 
[INFO] [stdout] error[E0407]: method `name` is not a member of trait `failure::Fail`
[INFO] [stdout]   --> /opt/rustwide/cargo-home/registry/src/github.com-1ecc6299db9ec823/unwalk-base-0.2.0-beta1/src/error.rs:67:45
[INFO] [stdout]    |
[INFO] [stdout] 67 | #[derive(Copy, Clone, Eq, PartialEq, Debug, Fail)]
[INFO] [stdout]    |                                             ^^^^ not a member of trait `failure::Fail`
[INFO] [stdout]    |
[INFO] [stdout]    = note: this error originates in a derive macro (in Nightly builds, run with -Z macro-backtrace for more info)
[INFO] [stdout] 
[INFO] [stdout] 
[INFO] [stdout] error[E0433]: failed to resolve: could not find `_core` in `failure`
[INFO] [stdout]   --> /opt/rustwide/cargo-home/registry/src/github.com-1ecc6299db9ec823/unwalk-base-0.2.0-beta1/src/error.rs:67:45
[INFO] [stdout]    |
[INFO] [stdout] 67 | #[derive(Copy, Clone, Eq, PartialEq, Debug, Fail)]
[INFO] [stdout]    |                                             ^^^^ could not find `_core` in `failure`
[INFO] [stdout]    |
[INFO] [stdout]    = note: this error originates in a derive macro (in Nightly builds, run with -Z macro-backtrace for more info)
[INFO] [stdout] 
[INFO] [stdout] 
[INFO] [stdout] error: aborting due to 7 previous errors
[INFO] [stdout] 
[INFO] [stdout] 
[INFO] [stdout] Some errors have detailed explanations: E0407, E0433.
[INFO] [stdout] 
[INFO] [stdout] For more information about an error, try `rustc --explain E0407`.
[INFO] [stdout] 
[INFO] [stderr] error: could not compile `unwalk-base`.
[INFO] [stderr] 
[INFO] [stderr] To learn more, run the command again with --verbose.
[INFO] [stderr] warning: build failed, waiting for other jobs to finish...
[INFO] [stderr] error: build failed
[INFO] running `Command { std: "docker" "inspect" "c80d567a244ac59f9b76d2d5e18521b6504f15d0826d7fc4cd3d7f1ed5a31dea", kill_on_drop: false }`
[INFO] running `Command { std: "docker" "rm" "-f" "c80d567a244ac59f9b76d2d5e18521b6504f15d0826d7fc4cd3d7f1ed5a31dea", kill_on_drop: false }`
[INFO] [stdout] c80d567a244ac59f9b76d2d5e18521b6504f15d0826d7fc4cd3d7f1ed5a31dea
